e 0 = 4*z + 4*b + b - 50, z - 25 = c*b. Calculate the remainder when z is divided by 9.
6
Calculate the remainder when (24/20 - 2) + 1813/35 is divided by 12.
3
Let l(g) = -24*g**3 - 2*g**2 + 1. Let f = -658 + 745. Calculate the remainder when f is divided by l(-1).
18
Let w be (-1 - 128)/((-21)/14). Suppose t - w = -5*s + 49, 0 = 5*t - s - 675. Calculate the remainder when t is divided by 28.
23
Let f(i) = -i**2 - 13*i - 10. Let j be f(-8). Suppose -j + 10 = 5*c. Let b = c + 30. Calculate the remainder when b is divided by 14.
12
Suppose 6*s - 3*s + 51 = 0. Let n = s - -40. Let o = 14 + n. Calculate the remainder when o is divided by 19.
18
What is the remainder when 131 is divided by (-15 - -16) + (-42)/(-2)?
21
Let y be 66/4*(-8)/(-12). Suppose 2*v - y = 17. What is the remainder when 67 is divided by v?
11
Suppose 0 = 4*b + 48 - 196. Suppose -5*o - 82 + 7 = -5*y, 3*y - 49 = 5*o. Suppose y*w - 71 = 12*w. Calculate the remainder when w is divided by b.
34
Let h(j) = j**3 + 10*j**2 - 13*j - 26. Let u be h(-11). Let p(d) = -20*d - 22. Calculate the remainder when p(u) is divided by 15.
13
Suppose 759 = 3*r - 5*c, 14*c - 12 = 18*c. What is the remainder when r is divided by 40?
8
Suppose 0 = -0*y + 3*y - 6. Let u(d) = 13*d**y + 14*d**2 - 7*d**2 - d**2. Calculate the remainder when u(1) is divided by 11.
8
Let b(x) = 15*x - 396. What is the remainder when 310 is divided by b(28)?
22
Suppose -5*i + 9 = -2*i. Suppose i*d + 0 = -4*c - 12, 2*d = 5*c - 8. Let a = 13 - d. Calculate the remainder when 66 is divided by a.
15
Let h = 22 - 22. Suppose -2*b = 6, h = x - 0*x + 2*b - 33. Let q(l) = 2*l - 6. Calculate the remainder when x is divided by q(8).
9
Let m be (52/16 + -4)/((-6)/16). Suppose 5*y + 0*b + b = 215, -m*y - b + 83 = 0. What is the remainder when y is divided by 16?
12
Let x = -16 + 17. What is the remainder when (-4)/(-8)*-1*-4 is divided by x?
0
Let m(o) = -o**3 - o**2 + 5*o + 2. Let n be m(-3). Suppose n*j - 58 - 7 = 0. Calculate the remainder when 7*(-5 + 4 + 8) is divided by j.
10
Let m(k) = -102*k**2 + 2*k - 1. Let o be m(1). Let u = -17 - o. Calculate the remainder when u is divided by 44.
40
Calculate the remainder when 276 is divided by (-2)/25 - (-5020)/250.
16
Calculate the remainder when 235/(-329) + 8440/7 is divided by 71.
69
Let q = 1271 - 881. Suppose -y - 2*n = -2*y + 213, -2*y + q = 5*n. Suppose 2*f - b = -0*f + 105, -4*f = 3*b - y. What is the remainder when f is divided by 18?
16
Let q(s) = -16*s + 132. Calculate the remainder when q(6) is divided by 31.
5
Suppose -7*a = -4*a - 5*f - 509, 4*f + 4 = 0. Let x(u) = u**2 + 4*u + 2. What is the remainder when a is divided by x(4)?
32
Suppose 7 - 77 = 7*n. Let j = 33 + n. Calculate the remainder when 45 is divided by j.
22
Let q(n) = 21*n + 2. Let d(x) = x + 1. Let t(r) = -4*d(r) + q(r). What is the remainder when t(1) is divided by 8?
7
Suppose 115 = 5*c + 5*x, -2*c - 5 + 21 = -4*x. Suppose 5*f + a - 4 + 43 = 0, 42 = -5*f + 2*a. Let g = f - -60. What is the remainder when g is divided by c?
16
Suppose 955 = 2*s + 3*s + 5*p, -4*s + 740 = -4*p. Calculate the remainder when s is divided by 16.
12
Let m = 85 - -178. Calculate the remainder when m is divided by 137.
126
Let q = -316 + 483. Calculate the remainder when q is divided by 3.
2
Let i(j) = -4*j**2 + 4*j - 3. Suppose 4*y + 0 = -20. Let z(w) = 3*w**2 - 3*w + 2. Let p(t) = y*z(t) - 4*i(t). What is the remainder when p(2) is divided by 3?
1
Let w = 50 + -23. Let j be 2829/w + (-4)/(-18). Suppose 5*v = -10 + j. What is the remainder when v is divided by 7?
5
Let z = -4 + 6. Let m(h) = h**2 - 7*h - 5. Let y be m(9). Let x(b) = -2*b + 29. What is the remainder when x(y) is divided by z?
1
Suppose -3*r - k + 9 = -2*r, 3*r + 4*k = 26. Let u = 24 + -7. Calculate the remainder when u is divided by r.
7
Let x = -259 + 274. Calculate the remainder when x is divided by 4.
3
Let s(a) = -a - 7. Suppose 7*q + 132 = -5*q. Suppose 3*u + 3*p - 39 = 0, -2*u + 12 = p - 11. Calculate the remainder when u is divided by s(q).
2
Let v = -26 + 39. Let g(h) = -7 + 2 + h**3 + 15*h - 14*h**2 + 2. Calculate the remainder when g(v) is divided by 8.
7
Let a(f) = -f**3 - 13*f**2 + 3*f + 54. Suppose 4*p - 6*p = -114. Calculate the remainder when p is divided by a(-13).
12
Suppose 59 = 15*k - 211. Calculate the remainder when 321 is divided by k.
15
Let k(m) = 26*m + 5 - 4*m**3 - 27*m + 3*m**3 + m**2. What is the remainder when 16 is divided by k(0)?
1
Let b = -49 + 28. Let r = b - -22. Suppose 2*z + p = -p + 12, -z - 3*p = -16. Calculate the remainder when r is divided by z.
0
Let y(a) = 4*a - 48. Let g be y(15). Suppose -g*q + 3 + 9 = 0. Calculate the remainder when 3 is divided by q.
0
Let m(q) = q**3 + 7*q**2 + q + 1. Let d be 0 - 4/((3 + -2)*2). Calculate the remainder when m(-5) is divided by (d - (-64)/20)/(1/20).
22
Let s = 24 + -23. Let j(i) = 42*i**2 + 2*i - 1. Calculate the remainder when j(s) is divided by 22.
21
Suppose 0 = 5*i - 3*a - 70, a + 0*a + 70 = 5*i. Suppose 3*p = 4*y + 60, 3*p = -y - 2*y - 45. Let t = y + 55. Calculate the remainder when t is divided by i.
12
Let h(m) = 16*m + 16. Let c be h(8). Suppose 120 = 6*y - c. Calculate the remainder when y is divided by 23.
21
Suppose 5*p = 4*t - 33, 2*t + 1 = 3*p + 18. Let i(o) = o - 10. Let n be i(t). What is the remainder when 15 is divided by 11 + -1 + 3/n?
6
Calculate the remainder when 32 is divided by -8 - 310/(-9 - 1).
9
Suppose -5*z - 22 = -182. Let o = z - 20. Calculate the remainder when 21 is divided by o.
9
Suppose 15 - 5 = 5*h. Suppose 3*v = -5*s + 48, -3*s + 30 + h = 5*v. Let d = 50 + -25. What is the remainder when d is divided by s?
7
Let q = 224 - 191. What is the remainder when q is divided by 7?
5
Suppose -2261 = -25*s - 61. Calculate the remainder when s is divided by 34.
20
Suppose 298*m - 294*m = 152. Calculate the remainder when m is divided by 21.
17
Calculate the remainder when 951 is divided by 10/(8/(2720/50)).
67
Suppose 19 = -2*l + 3*l - 3*g, -l + 27 = -5*g. Let f = -16 - -13. Let u = l + f. Calculate the remainder when 9 is divided by u.
1
Let z = 70 + 65. Suppose -2 = -12*m + 13*m, 79 = 3*o - 5*m. Calculate the remainder when z is divided by o.
20
Let j be (6 - 5/(-5)) + 2. Suppose 0 = 2*r - j - 31. What is the remainder when r is divided by 7?
6
Let f be (-8)/(-16) + 3/2. Let d = f - -27. Calculate the remainder when d is divided by -1 - (1*-14 - 3).
13
Suppose -2*l + 8 = -18. Let c(g) = -2*g**3 - g**2 - 2*g + 22. What is the remainder when c(0) is divided by l?
9
Let d(w) = w**3 + 12*w**2 - 13*w - 1. Let l be d(-13). What is the remainder when 2/l*(126/(-4) - 3) is divided by 24?
21
Calculate the remainder when 10 is divided by 3 + -8 + 6 + 5.
4
Suppose -5*l - 4*f = -155, -5*l - 2*f + 155 = -6*f. Let q(a) = -a**3 - 12*a**2 - 2*a - 12. Calculate the remainder when l is divided by q(-12).
7
Let a(g) = g**3 - 5*g**2 + 6*g - 2. Let d be a(4). Suppose 0*x + d*x = 24. What is the remainder when 6 is divided by x?
2
Let a(u) = -u - 19. Let o be a(-19). Suppose o = 5*x - 3*g - 27, 0 = g - 1 + 5. Suppose -34 - 50 = -x*n. Calculate the remainder when 82 is divided by n.
26
Suppose 26*f - 15*f - 935 = 0. Calculate the remainder when f is divided by 29.
27
Let m(l) be the second derivative of 2*l**4/3 - l**3/6 - l**2 - l. Suppose -3*j + 54 = 57. Calculate the remainder when m(j) is divided by 3.
1
Suppose -4*x + 5*d - 159 = 0, 5*x = -3*d - 46 - 162. Let w = x + 104. What is the remainder when 250 is divided by w?
61
Let v = -8 + 64. Suppose -v = -0*g - 8*g. What is the remainder when 13 is divided by g?
6
Let d(t) be the first derivative of 3*t**2 - 8*t - 2. Calculate the remainder when d(9) is divided by 25.
21
Calculate the remainder when 419 is divided by 0 - (-139 - 0 - 2).
137
Let h(s) = 3*s**3 - 30*s**2 - 30*s + 19. Let y(p) = 2*p**3 - 15*p**2 - 15*p + 9. Let k(t) = 3*h(t) - 5*y(t). What is the remainder when k(-14) is divided by 7?
5
Suppose -s - 30 = 4*s. Let y be s/(-2) + (2 - 1). Suppose 94 + 26 = y*u. Calculate the remainder when u is divided by 8.
6
Let w(h) = 30*h + 9. Let c be w(-3). What is the remainder when (-21)/(-12) - 2 - c/4 is divided by 13?
7
Suppose 0 = -4*m, 2*m - 5*m + 15 = 5*p. Suppose 2*v + 11 = -2*k + 3*k, -5*k + 41 = -p*v. What is the